 + 5*t + 0*t = -17, 3*t - 57 = -2*o. Let h = o + 124. Suppose m + 1 = -5*d, -4*m + 5*d + h = m. What is the remainder when m is divided by 5?
4
Let q be 1/((-1)/(-6)*(-7 - -10)). Suppose -3*b + q*u = -354, 0 = -0*b + 4*b + 4*u - 472. Suppose 3*y + b = 4*y. What is the remainder when y is divided by 24?
22
Let y(s) = 2*s**2 + 8*s - 62. Let x be y(7). Let m = x - 33. Calculate the remainder when m is divided by 6.
5
Calculate the remainder when ((-3 - -7) + -3)*-6 + 3920/20 is divided by 161.
29
Let a = -893 + 1416. Let r = -38 - -53. Calculate the remainder when a is divided by r.
13
Let m be (-2)/9 - (-6 + (-395)/(-45)). Let k(g) = g**3 + 9*g**2 + 5*g - 3. What is the remainder when k(m) is divided by (-2)/(-7) + 131/7?
17
Let w be 144/32*2/3. Suppose w*v = 2*v. Suppose -9*u + 32 + 4 = v. Calculate the remainder when 26 is divided by u.
2
Let k(z) = 6*z**2 + 46*z + 15. Let v = -351 - -343. Calculate the remainder when 86 is divided by k(v).
24
Let p = 12791 - 12758. What is the remainder when 7982 is divided by p?
29
Let d(t) = -t**3 + 34*t**2 + t - 55. Let h be d(34). Let v(k) = k**2 + 4*k - 3. Calculate the remainder when -19 + (-406)/h - 233/(-3) is divided by v(2).
6
Suppose z = 11*z - 940. Suppose -3*x + 55 = 3*h + 2*x, -4*x = 5*h - 83. Suppose -h = -43*v + 40*v. Calculate the remainder when z is divided by v.
4
Let c = 315 - 129. Let x = 557 - c. Calculate the remainder when x is divided by 94.
89
Let y = -5159 + 8116. What is the remainder when y is divided by 16?
13
Suppose 34*w = 3395 + 1448 - 831. Calculate the remainder when 2960 is divided by w.
10
Let q = 138 + -50. What is the remainder when 876 is divided by q?
84
Suppose 1433*f = 1523*f - 357840. What is the remainder when f is divided by 221?
219
Suppose -y - 92 = -7. Let f = y - -109. Let x(h) = 10*h - 12. Calculate the remainder when x(8) is divided by f.
20
Suppose 5*d + 1057 = 4*s, 5*d = -s + 2*d + 260. Let y = 12646 + -12634. Calculate the remainder when s is divided by y.
11
Suppose -3*r + 35 = r + c, 0 = 4*r - c - 45. Let h = 34 + -124. Let n = h - -115. Calculate the remainder when n is divided by r.
5
Let s(d) = 40*d + 158. What is the remainder when 57 is divided by s(-3)?
19
Let j = 31 - 19. Let g be 86*(-2)/4*-1. Let n = 89 - g. Calculate the remainder when n is divided by j.
10
What is the remainder when 555 is divided by (-88)/(-16)*(-3288)/(-132)?
7
Let o = -35135 - -35156. Let k(a) = -32*a**3 + 4*a + 3. Calculate the remainder when k(-2) is divided by o.
20
Let z be -1 - (-294)/(-9)*3. Let h be 10 - (-3228)/(-54) - (-2)/(-9). Let v = h - z. What is the remainder when v is divided by 5?
4
Let v(t) be the second derivative of 17*t**4/12 - 7*t**3/6 - 9*t**2 - 17*t. What is the remainder when 239 is divided by v(-2)?
47
Suppose -7*h + 16008 + 42447 = 14369. What is the remainder when h is divided by 20?
18
Suppose 17 = 7*o - 2*o - 3*j, j = 4*o - 15. Suppose 5*h + r = -r - 813, o*h - 5*r + 657 = 0. Calculate the remainder when 112 is divided by h/(-7) + (-24)/84.
20
Let x(l) = l**3 + 5*l**2 - 2*l + 26. Let r = -211 + 206. Calculate the remainder when 127 is divided by x(r).
19
Suppose -650 = -3*a + 4*k, -655 = -52*a + 49*a - k. What is the remainder when 2145 is divided by a?
183
Let l(f) = f**3 + 7*f**2 - 7*f + 6. Let t be l(-7). Let u = 27 + -65. Let h = u + t. What is the remainder when 64 is divided by h?
13
Let f be 4/(-20) - (-306)/5. Let h = -59 + f. Suppose -l + 3 = -h, 27 = 2*y + 3*l. Calculate the remainder when 21 is divided by y.
3
Let j be ((-8)/12)/((-7)/357 + 0). Suppose 44*m - 100 = j*m. What is the remainder when m is divided by 3?
1
Suppose 100 = 3*o + 28. Suppose 7*n - 26*n = 13*n - 14528. What is the remainder when n is divided by o?
22
Let b = 28 - 6. Let m(p) = 3*p**3 - 7*p**2 - 5*p + 4. Let w(r) = -r**2 + 22*r + 4. Let i be w(22). Calculate the remainder when m(i) is divided by b.
20
Let b(r) = r**3 + 2*r**2 - 2*r + 45. Calculate the remainder when 183 is divided by b(0).
3
Suppose 483 = 2*q - 3*v - 162, 5*q + 2*v = 1622. What is the remainder when q is divided by 39?
12
Let a(c) = 501*c + 8151. What is the remainder when 1206 is divided by a(-16)?
126
Suppose 5*l - 11*l = -138. Suppose -9*v + 13*v = 432. Calculate the remainder when v is divided by l.
16
Suppose 0 = 3*r, -r = 3*f - 0*r + 3*r - 981. Calculate the remainder when f is divided by 30.
27
Let a(l) = -10*l**2 + 351*l - 20. Suppose 0 = -p + 2, -2*s + 868 = 4*p - p. What is the remainder when s is divided by a(35)?
11
Suppose -y + 126 = 6*y. Suppose y*t = 16*t. Let o(f) = -f**3 + f + 54. Calculate the remainder when o(t) is divided by 14.
12
Suppose -5*f + b = -3072, 2*f + f = 4*b + 1833. Calculate the remainder when f is divided by 30.
15
Suppose -9 - 11 = 5*n. Calculate the remainder when (-520)/2600 - (2 + (-633)/15) is divided by (-3)/(6/n) + 4.
4
Let p be (-5)/(4/60*(-2)/6). Let k = p - 134. Calculate the remainder when k is divided by 4.
3
Suppose -3*j = -12, -38*j = 3*p - 40*j - 2821. Calculate the remainder when p is divided by 36.
7
Suppose 5 = 2*j + 2*j - 5*h, -2*h - 2 = 5*j. Suppose -3*v + 3*p + 141 = v, -p + 1 = j. Calculate the remainder when v is divided by ((-240)/32)/((-6)/8).
6
Suppose -o - 4*g + 11 + 58 = 0, 4*g + 207 = 3*o. Calculate the remainder when 550 is divided by o.
67
Let m = 4130 + -4104. What is the remainder when 213 is divided by m?
5
Suppose 10872*w - 10865*w = 9443. What is the remainder when w is divided by 40?
29
Let h = -2151 + 3124. Calculate the remainder when h is divided by 11.
5
What is the remainder when 414 is divided by (-2 - 2)*(-8 - (11 - 8))?
18
Suppose 78*i = 1555 + 1331. Suppose -f + 252 = -4*h + 843, -h = 4*f - 135. Calculate the remainder when h is divided by i.
36
Suppose -26*n - 255 + 2947 + 1442 = 0. What is the remainder when 2701 is divided by n?
157
Suppose 3*x = -4*d + 206, 2*x + 98 - 240 = -5*d. Suppose x = 3*t - t. Calculate the remainder when 77 is divided by t.
11
Suppose 2*v - 7*v + 180 = -5*s, -3*s = 4*v - 137. Suppose -2*h = -4*u + 2*u, 0 = 5*h + 2*u + v. Calculate the remainder when 29 - 1/(h/25) is divided by 13.
8
Suppose -1133*n + 1105*n + 3528 = 0. Calculate the remainder when 993 is divided by n.
111
Suppose -2*y - 3534 = -47*y + 26*y. What is the remainder when 749 is divided by y?
5
Let v = 6028 + -5543. What is the remainder when 1468 is divided by v?
13
Suppose 5*g - 695 = -5*m, 5*m = g + 510 + 155. What is the remainder when 368 is divided by m?
100
Let z = -60 - -27. Let r = 1 - z. What is the remainder when 94 is divided by r?
26
Let v(n) = 3*n**2 + n - 1. Let a be v(-3). Calculate the remainder when a - (2 + 3)*(-3 - -2) is divided by 7.
0
Calculate the remainder when 3187 is divided by ((-72)/15)/((-416)/1040).
7
Suppose 0 = -w + 2, 0 = n + 4*w - 7 - 26. Suppose 4*r - 16 - 272 = 0. What is the remainder when r is divided by n?
22
Suppose q + 2*t - 393 = 6*t, 4*q - 4*t = 1512. Suppose -17*w + 16*w = 2*f - 34, 4*w - 2*f = 136. What is the remainder when q is divided by w?
33
Suppose -2*a - y + 6*y - 17 = 0, 4*y = a + 16. Let p = a - -31. Suppose 5*w - 5*s = -10*s + 35, 4*s = 2*w - 32. Calculate the remainder when p is divided by w.
5
Suppose -6143 - 5557 = -60*c. Let l = -12 + 23. Calculate the remainder when c is divided by l.
8
Let m(k) = -9*k - 314. Suppose 36*p - 4352 = 19*p. What is the remainder when p is divided by m(-37)?
9
Suppose -1795*z = -1776*z - 2166. Calculate the remainder when z is divided by 46.
22
Suppose -h + 4*w = -14, 5*h + 3*w - 50 = 3*h. What is the remainder when 7640/88 + (-8)/(-44) is divided by h?
21
Suppose -5*g - 5*g = -5130. Suppose -24*x + g = -5*x. Calculate the remainder when x is divided by 17.
10
Let n = 289 - 59. Suppose -l + 70 = 4*z + z, -n = -5*l + 5*z. Let h = 116 - 95. What is the remainder when l is divided by h?
8
Let f(n) = -n**2 - 12*n + 22. Let q(b) = 24 - 2*b + b + 8*b**2 - b**3 - 14*b**2. Calculate the remainder when q(-6) is divided by f(-13).
3
Let i = 11934 - 9960. Calculate the remainder when i is divided by 17.
2
Let i(j) = 998*j - 8940. Calculate the remainder when 1004 is divided by i(9).
38
Let h(i) = 7*i**2 + 96*i + 865. Calculate the remainder when h(-22) is divided by 125.
16
Suppose 0 = -5*y, -7*y = 5*b - 5*y - 135. Let l = -16 - -339. What is